rue
Is 286393 a composite number?
False
Is 11196997 composite?
True
Is 163103 composite?
True
Is 122946067 prime?
True
Is 36754693 a composite number?
False
Is 1444489 prime?
True
Is 81481727 a composite number?
True
Is 60967909 prime?
True
Is 3666197 a composite number?
False
Is 3969137 a prime number?
True
Is 66878555 prime?
False
Is 739327 prime?
True
Is 3032669 composite?
False
Is 141643 a composite number?
True
Is 1495562 prime?
False
Is 3627199 prime?
True
Is 2261657 a prime number?
False
Is 1207559 a composite number?
True
Is 90596329 a composite number?
True
Is 6979613 a prime number?
False
Is 747534161 composite?
True
Is 79087 prime?
True
Is 146258263 a prime number?
True
Is 6837767 a prime number?
True
Is 1928911 a prime number?
False
Is 22331263 a composite number?
False
Is 122218333 a composite number?
False
Is 49799469 a composite number?
True
Is 1849663 composite?
False
Is 159555503 composite?
False
Is 9038131 prime?
False
Is 215066359 a prime number?
True
Is 20813285 prime?
False
Is 6493007 composite?
True
Is 687132233 composite?
False
Is 1198661 composite?
False
Is 2604347 a prime number?
True
Is 32149483 prime?
False
Is 37763 composite?
True
Is 70468193 composite?
False
Is 2134550479 a composite number?
False
Is 18664483 a composite number?
False
Is 31586879 composite?
False
Is 2368637 a composite number?
False
Is 378835 composite?
True
Is 3619801 a composite number?
True
Is 566459 a composite number?
True
Is 213721 a prime number?
True
Is 8930843 a composite number?
True
Is 28432699 prime?
True
Is 160763 a prime number?
False
Is 55804877 a prime number?
False
Is 2754467 prime?
True
Is 442133077 a composite number?
False
Is 231192713 a prime number?
True
Is 140344433 prime?
True
Is 110824949 a composite number?
False
Is 1375357 a prime number?
True
Is 29052523 prime?
False
Is 153245027 a composite number?
True
Is 4024942 composite?
True
Is 219053249 prime?
True
Is 27164231 a prime number?
True
Is 40483463 composite?
False
Is 6402203 a composite number?
False
Is 20074973 composite?
False
Is 23844461 composite?
False
Is 35265947 a composite number?
False
Is 93905437 a prime number?
False
Is 2766763 a prime number?
True
Is 2267491 a prime number?
False
Is 109637473 a prime number?
False
Is 35930471 prime?
False
Is 19155977 a composite number?
False
Is 205127341 a composite number?
True
Is 44938277 prime?
True
Is 173727677 prime?
True
Is 813332197 a prime number?
True
Is 19437121 composite?
True
Is 39626611 composite?
False
Is 50238021 prime?
False
Is 2659483 a prime number?
True
Is 55456309 composite?
True
Is 5103929 a composite number?
False
Is 133111643 prime?
False
Is 76537259 composite?
True
Is 7586237 a prime number?
False
Is 3877681 prime?
True
Is 35648527 a prime number?
True
Is 289937 prime?
True
Is 45909931 prime?
False
Is 1585553 a composite number?
True
Is 6147161 a composite number?
False
Is 21240187 prime?
False
Is 4517507 composite?
True
Is 4297409 a composite number?
False
Is 101118041 prime?
False
Is 783961 prime?
False
Is 709256357 a prime number?
True
Is 3821995 composite?
True
Is 29587381 a prime number?
True
Is 524353601 a composite number?
True
Is 5476169 composite?
False
Is 642197 a composite number?
False
Is 1934783 a composite number?
True
Is 17491459 prime?
True
Is 7980059 prime?
True
Is 3694939 prime?
False
Is 98316481 a composite number?
False
Is 25309861 prime?
False
Is 44171 prime?
True
Is 4318957 prime?
False
Is 2728541 composite?
False
Is 469073 a composite number?
True
Is 21853329 a prime number?
False
Is 8853853 a composite number?
True
Is 88294027 a composite number?
True
Is 2523863 composite?
False
Is 848143 a composite number?
False
Is 134131 composite?
True
Is 12151189 composite?
False
Is 7953613 a composite number?
True
Is 3872569 a composite number?
True
Is 694829 a composite number?
False
Is 64486061 a prime number?
True
Is 18460795 prime?
False
Is 514933 composite?
False
Is 1213601 composite?
False
Is 88222193 prime?
True
Is 32705579 prime?
True
Is 198489809 composite?
True
Is 990137 a composite number?
False
Is 20391422 composite?
True
Is 10401071 prime?
True
Is 226305991 a composite number?
False
Is 52771717 a composite number?
False
Is 410547 prime?
False
Is 1055807 a composite number?
True
Is 12375953 a prime number?
False
Is 2077969 prime?
True
Is 715861 prime?
False
Is 71554577 prime?
True
Is 4325551 a prime number?
False
Is 11213677 prime?
True
Is 15622501 composite?
True
Is 80795321 prime?
False
Is 36243499 composite?
True
Is 166913 a prime number?
False
Is 48554999 composite?
True
Is 6673159 a composite number?
False
Is 6921457 a prime number?
False
Is 104740811 a composite number?
True
Is 3893353 composite?
False
Is 3599083 a prime number?
True
Is 1425419 prime?
False
Is 404609 composite?
True
Is 4117169 a prime number?
False
Is 5751503 composite?
False
Is 11923603 a prime number?
True
Is 1417055 composite?
True
Is 731487 a composite number?
True
Is 9258127 a prime number?
False
Is 4315709 a prime number?
True
Is 88779991 prime?
False
Is 6277703 a prime number?
True
Is 10871371 composite?
True
Is 1456183 a composite number?
True
Is 120147583 composite?
True
Is 62824369 a prime number?
True
Is 8586131 a composite number?
False
Is 3020869 a prime number?
True
Is 4877867 composite?
False
Is 19794701 a composite number?
False
Is 52984253 a prime number?
False
Is 116351 prime?
True
Is 1051359 a composite number?
True
Is 9986213 a composite number?
False
Is 1157677 prime?
False
Is 2154533 a prime number?
True
Is 358321 composite?
True
Is 22580557 a composite number?
False
Is 7856161 a prime number?
True
Is 19435373 a prime number?
False
Is 8498911 composite?
False
Is 1131994 a composite number?
True
Is 32541533 a prime number?
False
Is 53763871 prime?
False
Is 1081159 composite?
True
Is 30790939 prime?
False
Is 1425243 a prime number?
False
Is 19281 composite?
True
Is 572602661 prime?
False
Is 649479 composite?
True
Is 6325985 prime?
False
Is 35947889 composite?
True
Is 2909957 composite?
False
Is 5396299 composite?
False
Is 199293217 a prime number?
False
Is 823117 composite?
False
Is 595007879 a prime number?
True
Is 3660191 composite?
False
Is 4429171 prime?
True
Is 4538137 a composite number?
False
Is 24073321 a composite number?
False
Is 10920547 a composite number?
True
Is 840644729 composite?
False
Is 24411635 composite?
True
Is 5667239 prime?
False
Is 70367277 prime?
False
Is 295741 composite?
True
Is 878441 prime?
False
Is 79546099 a composite number?
False
Is 50768503 a composite number?
False
Is 255012011 a prime number?
True
Is 2088617 a prime number?
False
Is 1563511 prime?
True
Is 67787521 composite?
False
Is 428367737 prime?
False
Is 22608161 composite?
False
Is 409120463 composite?
False
Is 45752709 a composite number?
True
Is 66738293 a composite number?
False
Is 35846387 composite?
True
Is 10085017 a prime number?
False
Is 1936489 a composite number?
False
Is 74329771 a composite number?
False
Is 1416851 prime?
True
Is 23805403 a composite number?
False
Is 15330043 composite?
True
Is 12661819 a composite number?
False
Is 69334 prime?
False
Is 1009531 prime?
True
Is 1296019 a prime number?
True
Is 17130063 composite?
True
Is 100384519 prime?
True
Is 14712743 composite?
True
Is 1170007 a composite number?
False
Is 46131809 composite?
True
Is 10851977 a composite number?
True
Is 25792807 composite?
False
Is 19867499 a prime number?
False
Is 64255979 a composite number?
True
Is 419873 composite?
False
Is 10331623 prime?
False
Is 544783601 composite?
False
Is 34473749 composite?
False
Is 1344197 a prime number?
False
Is 77063403 prime?
False
Is 54601 a prime number?
True
Is 43590611 composite?
True
Is 5214037 composite?
True
Is 95295859 prime?
False
Is 5224655 composite?
True
Is 9067013 a composite number?
False
Is 23667173 a composite number?
True
Is 574971 a prime number?
False
Is 87497357 prime?
True
Is 124957 prime?
False
Is 15433067 prime?
False
Is 495583 a prime number?
False
Is 30498233 composite?
True
Is 33074099 composite?
False
Is 135518837 composite?
False
Is 116242223 composite?
False
Is 47852911 prime?
False
Is 1591061 prime?
False
Is 55271983 a prime number?
False
Is 14338271 prime?
True
Is 22643969 a composite number?
False
Is 223131565 a prime number?
